{"id":2140,"date":"2022-01-19T09:21:14","date_gmt":"2022-01-19T08:21:14","guid":{"rendered":"https:\/\/www.climamania.com\/blog\/?page_id=2140"},"modified":"2022-01-19T09:21:17","modified_gmt":"2022-01-19T08:21:17","slug":"quiero-hacer-una-devolucion","status":"publish","type":"page","link":"https:\/\/www.climamania.com\/blog\/quiero-hacer-una-devolucion\/","title":{"rendered":"Quiero hacer una devoluci\u00f3n"},"content":{"rendered":"\n<p><strong>\u00bfPuedo devolver mi pedido?<\/strong><\/p>\n\n\n\n<p>Por supuesto que s\u00ed, si no est\u00e1s satisfecho con el producto que has comprado, puedes devolverlo en un plazo de<strong>&nbsp;14 d\u00edas<\/strong>&nbsp;naturales a partir de la fecha de recepci\u00f3n del mismo.<\/p>\n\n\n\n<p>Lo \u00fanico que has de tener en cuenta para devolver tu pedido, es que tanto el producto como su embalaje&nbsp;ha de estar en las mismas condiciones en las que se&nbsp;te fue entregado, y no debe de haber sido manipulado ni instalado.<\/p>\n\n\n\n<p><strong>\u00bfC\u00f3mo puedo tramitar una devoluci\u00f3n?<\/strong><\/p>\n\n\n\n<p>Tramitar la devoluci\u00f3n de un producto comprado en ClimaMania es muy f\u00e1cil, simplemente has de rellenar el impreso de devoluci\u00f3n que puedes descargarte\u00a0<a href=\"https:\/\/www.climamania.com\/catalogo\/documento-de-desisitimiento-climamania.pdf\">haciendo clic aqu\u00ed<\/a>, y hac\u00e9rnoslo llegar por correo electr\u00f3nico a climamania@climamania.com<\/p>\n\n\n\n<p><strong>\u00bfPor que motivos puedo realizar una devoluci\u00f3n?<\/strong><\/p>\n\n\n\n<p>Si has cambiado de opini\u00f3n y ya no quieres el producto que nos has comprado dentro del plazo de 14 d\u00edas naturales desde la fecha de recepci\u00f3n de tu pedido,&nbsp;nos lo puedes devolver, una vez pasado este periodo ya ser\u00e1 posible realizar la devoluci\u00f3n.<\/p>\n\n\n\n<p><strong>He recibido un producto en mal estado. \u00bfY ahora que hago?<\/strong><\/p>\n\n\n\n<p>Si una vez recibido tu pedido, observas da\u00f1os originados por el transporte, nos lo deber\u00e1s de comunicar necesariamente en un plazo no superior a\u00a0<strong>24 horas<\/strong>\u00a0desde la fecha de recepci\u00f3n. Para ello, contacta con nosotros envi\u00e1ndonos un email a climamania@climamania.com indic\u00e1ndonos el numero de pedido, y adjunt\u00e1ndonos fotograf\u00edas del material da\u00f1ado. Una vez verificado, gestionaremos el reemplazo r\u00e1pidamente y te repondremos la mercanc\u00eda da\u00f1ada sin ning\u00fan coste para t\u00ed.<\/p>\n\n\n\n<p><strong>\u00bfCuales son los gastos de devoluci\u00f3n?<\/strong><\/p>\n\n\n\n<p>Si el motivo e devoluci\u00f3n es imputable a ClimaMania, porque el producto que te hemos enviado est\u00e1 defectuoso, es err\u00f3neo, etc&#8230; la devoluci\u00f3n de tu pedido no tendr\u00e1 ning\u00fan coste para t\u00ed.<\/p>\n\n\n\n<p>En caso de que el motivo sea otro, por ejemplo que los productos se sirvieron correctamente, pero tu ya no los quieres, te abonaremos el importe total de la mercanc\u00eda, descontando los gastos de transporte que hemos tenido que pagar a la agencia, tanto para la entrega del material, como para la posterior recogida.<\/p>\n\n\n\n<p><strong>\u00bfComo reembolsaremos el importe de la devoluci\u00f3n?<\/strong><\/p>\n\n\n\n<p>Una vez el producto devuelto haya llegado a nuestras instalaciones y lo hayamos verificado, tramitaremos el reembolso por el mismo medio de pago que hubieses utilizado en el momento de realizar tu pedido.<\/p>\n\n\n\n<p><strong>\u00bfEn que&nbsp;<\/strong><strong>circunstancias<\/strong><strong>&nbsp;no es posible devolver un producto que he comprado?<\/strong><\/p>\n\n\n\n<p>En los siguientes casos no podremos admitir la devoluci\u00f3n de tu pedido:<\/p>\n\n\n\n<ul class=\"wp-block-list\"><li>Una vez transcurridos 14 d\u00edas naturales tras la fecha de recepci\u00f3n del mismo<\/li><li>Si el producto que nos quieres devolver no se encuentra en perfectas condiciones, o si a\u00fan estando en perfectas condiciones no conserva su embalaje original en perfecto estado.<\/li><li>Si el art\u00edculo ha sido instalado o manipulado.<\/li><li>Si habiendo recibido el producto con aparentes da\u00f1os de transporte, no nos lo has comunicado antes de transcurridas 24 horas de la recepci\u00f3n del mismo.<\/li><li>Si se trata de un producto que habitualmente no distribuimos y lo hemos pedido expresamente para ti.<\/li><\/ul>\n\n\n\n<div class=\"wp-block-buttons is-layout-flex wp-block-buttons-is-layout-flex\">\n<div class=\"wp-block-button\"><a class=\"wp-block-button__link has-background\" href=\"https:\/\/www.climamania.com\/blog\/centro-ayuda\/\" style=\"background-color:#316396\">\u2190 Volver al centro de ayuda<\/a><\/div>\n<\/div>\n","protected":false},"excerpt":{"rendered":"<p>\u00bfPuedo devolver mi pedido? Por supuesto que s\u00ed, si no est\u00e1s satisfecho con el producto que has comprado, puedes devolverlo en un plazo de&nbsp;14 d\u00edas&nbsp;naturales a partir de la fecha &#8230; <a title=\"Quiero hacer una devoluci\u00f3n\" class=\"read-more\" href=\"https:\/\/www.climamania.com\/blog\/quiero-hacer-una-devolucion\/\" aria-label=\"Leer m\u00e1s sobre Quiero hacer una devoluci\u00f3n\">Leer m\u00e1s<\/a><\/p>\n","protected":false},"author":36,"featured_media":0,"parent":0,"menu_order":0,"comment_status":"closed","ping_status":"closed","template":"","meta":{"_lmt_disableupdate":"","_lmt_disable":"","footnotes":""},"class_list":["post-2140","page","type-page","status-publish"],"yoast_head":"<!-- This site is optimized with the Yoast SEO plugin v27.1.1 - https:\/\/yoast.com\/product\/yoast-seo-wordpress\/ -->\n<title>El blog de ClimaMania | Expertos en climatizaci\u00f3n<\/title>\n<meta name=\"robots\" content=\"index, follow, max-snippet:-1, max-image-preview:large, max-video-preview:-1\" \/>\n<link rel=\"canonical\" href=\"https:\/\/www.climamania.com\/blog\/quiero-hacer-una-devolucion\/\" \/>\n<meta property=\"og:locale\" content=\"es_ES\" \/>\n<meta property=\"og:type\" content=\"article\" \/>\n<meta property=\"og:description\" content=\"\u00bfPuedo devolver mi pedido? Por supuesto que s\u00ed, si no est\u00e1s satisfecho con el producto que has comprado, puedes devolverlo en un plazo de&nbsp;14 d\u00edas&nbsp;naturales a partir de la fecha ... Leer m\u00e1s\" \/>\n<meta property=\"og:url\" content=\"https:\/\/www.climamania.com\/blog\/quiero-hacer-una-devolucion\/\" \/>\n<meta property=\"og:site_name\" content=\"El blog de ClimaMania | Expertos en climatizaci\u00f3n\" \/>\n<meta property=\"article:publisher\" content=\"https:\/\/www.facebook.com\/Climamania\" \/>\n<meta property=\"article:modified_time\" content=\"2022-01-19T08:21:17+00:00\" \/>\n<meta property=\"og:image\" content=\"https:\/\/www.climamania.com\/blog\/wp-content\/uploads\/logo-blog-climamania.png\" \/>\n\t<meta property=\"og:image:width\" content=\"1000\" \/>\n\t<meta property=\"og:image:height\" content=\"250\" \/>\n\t<meta property=\"og:image:type\" content=\"image\/png\" \/>\n<meta name=\"twitter:card\" content=\"summary_large_image\" \/>\n<meta name=\"twitter:site\" content=\"@ClimaMania\" \/>\n<meta name=\"twitter:label1\" content=\"Tiempo de lectura\" \/>\n\t<meta name=\"twitter:data1\" content=\"3 minutos\" \/>\n<script type=\"application\/ld+json\" class=\"yoast-schema-graph\">{\"@context\":\"https:\/\/schema.org\",\"@graph\":[{\"@type\":\"WebPage\",\"@id\":\"https:\/\/www.climamania.com\/blog\/quiero-hacer-una-devolucion\/\",\"url\":\"https:\/\/www.climamania.com\/blog\/quiero-hacer-una-devolucion\/\",\"name\":\"\",\"isPartOf\":{\"@id\":\"https:\/\/www.climamania.com\/blog\/#website\"},\"datePublished\":\"2022-01-19T08:21:14+00:00\",\"dateModified\":\"2022-01-19T08:21:17+00:00\",\"breadcrumb\":{\"@id\":\"https:\/\/www.climamania.com\/blog\/quiero-hacer-una-devolucion\/#breadcrumb\"},\"inLanguage\":\"es\",\"potentialAction\":[{\"@type\":\"ReadAction\",\"target\":[\"https:\/\/www.climamania.com\/blog\/quiero-hacer-una-devolucion\/\"]}]},{\"@type\":\"BreadcrumbList\",\"@id\":\"https:\/\/www.climamania.com\/blog\/quiero-hacer-una-devolucion\/#breadcrumb\",\"itemListElement\":[{\"@type\":\"ListItem\",\"position\":1,\"name\":\"Portada\",\"item\":\"https:\/\/www.climamania.com\/blog\/\"},{\"@type\":\"ListItem\",\"position\":2,\"name\":\"Quiero hacer una devoluci\u00f3n\"}]},{\"@type\":\"WebSite\",\"@id\":\"https:\/\/www.climamania.com\/blog\/#website\",\"url\":\"https:\/\/www.climamania.com\/blog\/\",\"name\":\"El blog de ClimaMania | Expertos en climatizaci\u00f3n\",\"description\":\"El blog de ClimaMania, mantenemos a todos nuestros usuarios siempre informados sobre las \u00faltimas novedades en aire acondicionado, calefacci\u00f3n y mucho m\u00e1s\",\"publisher\":{\"@id\":\"https:\/\/www.climamania.com\/blog\/#organization\"},\"potentialAction\":[{\"@type\":\"SearchAction\",\"target\":{\"@type\":\"EntryPoint\",\"urlTemplate\":\"https:\/\/www.climamania.com\/blog\/?s={search_term_string}\"},\"query-input\":{\"@type\":\"PropertyValueSpecification\",\"valueRequired\":true,\"valueName\":\"search_term_string\"}}],\"inLanguage\":\"es\"},{\"@type\":\"Organization\",\"@id\":\"https:\/\/www.climamania.com\/blog\/#organization\",\"name\":\"ClimaMania\",\"url\":\"https:\/\/www.climamania.com\/blog\/\",\"logo\":{\"@type\":\"ImageObject\",\"inLanguage\":\"es\",\"@id\":\"https:\/\/www.climamania.com\/blog\/#\/schema\/logo\/image\/\",\"url\":\"https:\/\/www.climamania.com\/blog\/wp-content\/uploads\/logo-blog-climamania.png\",\"contentUrl\":\"https:\/\/www.climamania.com\/blog\/wp-content\/uploads\/logo-blog-climamania.png\",\"width\":1000,\"height\":250,\"caption\":\"ClimaMania\"},\"image\":{\"@id\":\"https:\/\/www.climamania.com\/blog\/#\/schema\/logo\/image\/\"},\"sameAs\":[\"https:\/\/www.facebook.com\/Climamania\",\"https:\/\/x.com\/ClimaMania\",\"https:\/\/www.instagram.com\/climamania\/\"]}]}<\/script>\n<!-- \/ Yoast SEO plugin. -->","yoast_head_json":{"title":"El blog de ClimaMania | Expertos en climatizaci\u00f3n","robots":{"index":"index","follow":"follow","max-snippet":"max-snippet:-1","max-image-preview":"max-image-preview:large","max-video-preview":"max-video-preview:-1"},"canonical":"https:\/\/www.climamania.com\/blog\/quiero-hacer-una-devolucion\/","og_locale":"es_ES","og_type":"article","og_description":"\u00bfPuedo devolver mi pedido? Por supuesto que s\u00ed, si no est\u00e1s satisfecho con el producto que has comprado, puedes devolverlo en un plazo de&nbsp;14 d\u00edas&nbsp;naturales a partir de la fecha ... Leer m\u00e1s","og_url":"https:\/\/www.climamania.com\/blog\/quiero-hacer-una-devolucion\/","og_site_name":"El blog de ClimaMania | Expertos en climatizaci\u00f3n","article_publisher":"https:\/\/www.facebook.com\/Climamania","article_modified_time":"2022-01-19T08:21:17+00:00","og_image":[{"width":1000,"height":250,"url":"https:\/\/www.climamania.com\/blog\/wp-content\/uploads\/logo-blog-climamania.png","type":"image\/png"}],"twitter_card":"summary_large_image","twitter_site":"@ClimaMania","twitter_misc":{"Tiempo de lectura":"3 minutos"},"schema":{"@context":"https:\/\/schema.org","@graph":[{"@type":"WebPage","@id":"https:\/\/www.climamania.com\/blog\/quiero-hacer-una-devolucion\/","url":"https:\/\/www.climamania.com\/blog\/quiero-hacer-una-devolucion\/","name":"","isPartOf":{"@id":"https:\/\/www.climamania.com\/blog\/#website"},"datePublished":"2022-01-19T08:21:14+00:00","dateModified":"2022-01-19T08:21:17+00:00","breadcrumb":{"@id":"https:\/\/www.climamania.com\/blog\/quiero-hacer-una-devolucion\/#breadcrumb"},"inLanguage":"es","potentialAction":[{"@type":"ReadAction","target":["https:\/\/www.climamania.com\/blog\/quiero-hacer-una-devolucion\/"]}]},{"@type":"BreadcrumbList","@id":"https:\/\/www.climamania.com\/blog\/quiero-hacer-una-devolucion\/#breadcrumb","itemListElement":[{"@type":"ListItem","position":1,"name":"Portada","item":"https:\/\/www.climamania.com\/blog\/"},{"@type":"ListItem","position":2,"name":"Quiero hacer una devoluci\u00f3n"}]},{"@type":"WebSite","@id":"https:\/\/www.climamania.com\/blog\/#website","url":"https:\/\/www.climamania.com\/blog\/","name":"El blog de ClimaMania | Expertos en climatizaci\u00f3n","description":"El blog de ClimaMania, mantenemos a todos nuestros usuarios siempre informados sobre las \u00faltimas novedades en aire acondicionado, calefacci\u00f3n y mucho m\u00e1s","publisher":{"@id":"https:\/\/www.climamania.com\/blog\/#organization"},"potentialAction":[{"@type":"SearchAction","target":{"@type":"EntryPoint","urlTemplate":"https:\/\/www.climamania.com\/blog\/?s={search_term_string}"},"query-input":{"@type":"PropertyValueSpecification","valueRequired":true,"valueName":"search_term_string"}}],"inLanguage":"es"},{"@type":"Organization","@id":"https:\/\/www.climamania.com\/blog\/#organization","name":"ClimaMania","url":"https:\/\/www.climamania.com\/blog\/","logo":{"@type":"ImageObject","inLanguage":"es","@id":"https:\/\/www.climamania.com\/blog\/#\/schema\/logo\/image\/","url":"https:\/\/www.climamania.com\/blog\/wp-content\/uploads\/logo-blog-climamania.png","contentUrl":"https:\/\/www.climamania.com\/blog\/wp-content\/uploads\/logo-blog-climamania.png","width":1000,"height":250,"caption":"ClimaMania"},"image":{"@id":"https:\/\/www.climamania.com\/blog\/#\/schema\/logo\/image\/"},"sameAs":["https:\/\/www.facebook.com\/Climamania","https:\/\/x.com\/ClimaMania","https:\/\/www.instagram.com\/climamania\/"]}]}},"_links":{"self":[{"href":"https:\/\/www.climamania.com\/blog\/wp-json\/wp\/v2\/pages\/2140","targetHints":{"allow":["GET"]}}],"collection":[{"href":"https:\/\/www.climamania.com\/blog\/wp-json\/wp\/v2\/pages"}],"about":[{"href":"https:\/\/www.climamania.com\/blog\/wp-json\/wp\/v2\/types\/page"}],"author":[{"embeddable":true,"href":"https:\/\/www.climamania.com\/blog\/wp-json\/wp\/v2\/users\/36"}],"replies":[{"embeddable":true,"href":"https:\/\/www.climamania.com\/blog\/wp-json\/wp\/v2\/comments?post=2140"}],"version-history":[{"count":1,"href":"https:\/\/www.climamania.com\/blog\/wp-json\/wp\/v2\/pages\/2140\/revisions"}],"predecessor-version":[{"id":2141,"href":"https:\/\/www.climamania.com\/blog\/wp-json\/wp\/v2\/pages\/2140\/revisions\/2141"}],"wp:attachment":[{"href":"https:\/\/www.climamania.com\/blog\/wp-json\/wp\/v2\/media?parent=2140"}],"curies":[{"name":"wp","href":"https:\/\/api.w.org\/{rel}","templated":true}]}}