{"id":2125,"date":"2022-01-18T17:30:04","date_gmt":"2022-01-18T16:30:04","guid":{"rendered":"https:\/\/www.climamania.com\/blog\/?page_id=2125"},"modified":"2022-01-20T17:49:31","modified_gmt":"2022-01-20T16:49:31","slug":"anular-pedido","status":"publish","type":"page","link":"https:\/\/www.climamania.com\/blog\/anular-pedido\/","title":{"rendered":"Anular un pedido"},"content":{"rendered":"\n<p>Se puede anular un pedido en ClimaMania de la siguiente forma:<\/p>\n\n\n\n<ul class=\"wp-block-list\"><li><strong>Si a\u00fan no has hecho el pago&nbsp;de tu pedido<\/strong>, puedes anularlo directamente desde&nbsp;<a href=\"https:\/\/www.climamania.com\/pedido\" target=\"_blank\" rel=\"noreferrer noopener\">carrito de la compra<\/a>. Localiza el pedido y haz clic en \u00ab<img loading=\"lazy\" decoding=\"async\" width=\"24\" height=\"25\" class=\"wp-image-2126\" style=\"width: 24px;\" src=\"https:\/\/www.climamania.com\/blog\/wp-content\/uploads\/image-9.png\" alt=\"\">\u00bb para borrar el producto que quieras cancelar,<strong>&nbsp;si no aparece la opci\u00f3n de cancelar,&nbsp;<\/strong>ponte en contacto con el&nbsp;<a href=\"https:\/\/www.climamania.com\/tienda-climatizacion-venta-de-aire-acondicionado-contacto\">servicio de atenci\u00f3n al cliente<\/a>.<\/li><\/ul>\n\n\n\n<ul class=\"wp-block-list\"><li><strong>Si ya hiciste el pago<\/strong>, podr\u00e1s modificar&nbsp;el pedido siempre que no se haya empezado a preparar el&nbsp;mismo poni\u00e9ndote en contacto con nuestro <a href=\"https:\/\/www.climamania.com\/tienda-climatizacion-venta-de-aire-acondicionado-contacto\">servicio de atenci\u00f3n al cliente<\/a>.&nbsp;Muchas veces es cuesti\u00f3n de minutos que se empiecen a preparar los pedidos, as\u00ed que hazlo lo antes posible.<\/li><\/ul>\n\n\n\n<ul class=\"wp-block-list\"><li><strong>Si el pedido ya ha sido preparado o enviado no podremos cancelarlo<\/strong>, pero podr\u00e1s hacer la\u00a0<a href=\"https:\/\/www.climamania.com\/blog\/quiero-hacer-una-devolucion\/\" target=\"_blank\" rel=\"noreferrer noopener\">devoluci\u00f3n\u00a0<\/a>tras su entrega, en los siguientes 15 d\u00edas.<\/li><\/ul>\n\n\n\n<div class=\"wp-block-buttons is-layout-flex wp-block-buttons-is-layout-flex\">\n<div class=\"wp-block-button\"><a class=\"wp-block-button__link has-background\" href=\"https:\/\/www.climamania.com\/blog\/centro-ayuda\/\" style=\"background-color:#316396\">\u2190 Volver al centro de ayuda<\/a><\/div>\n<\/div>\n","protected":false},"excerpt":{"rendered":"<p>Se puede anular un pedido en ClimaMania de la siguiente forma: Si a\u00fan no has hecho el pago&nbsp;de tu pedido, puedes anularlo directamente desde&nbsp;carrito de la compra. Localiza el pedido &#8230; <a title=\"Anular un pedido\" class=\"read-more\" href=\"https:\/\/www.climamania.com\/blog\/anular-pedido\/\" aria-label=\"Leer m\u00e1s sobre Anular un pedido\">Leer m\u00e1s<\/a><\/p>\n","protected":false},"author":36,"featured_media":0,"parent":0,"menu_order":0,"comment_status":"closed","ping_status":"closed","template":"","meta":{"_lmt_disableupdate":"no","_lmt_disable":"","footnotes":""},"class_list":["post-2125","page","type-page","status-publish"],"yoast_head":"<!-- This site is optimized with the Yoast SEO plugin v27.1.1 - https:\/\/yoast.com\/product\/yoast-seo-wordpress\/ -->\n<title>El blog de ClimaMania | Expertos en climatizaci\u00f3n<\/title>\n<meta name=\"robots\" content=\"index, follow, max-snippet:-1, max-image-preview:large, max-video-preview:-1\" \/>\n<link rel=\"canonical\" href=\"https:\/\/www.climamania.com\/blog\/anular-pedido\/\" \/>\n<meta property=\"og:locale\" content=\"es_ES\" \/>\n<meta property=\"og:type\" content=\"article\" \/>\n<meta property=\"og:description\" content=\"Se puede anular un pedido en ClimaMania de la siguiente forma: Si a\u00fan no has hecho el pago&nbsp;de tu pedido, puedes anularlo directamente desde&nbsp;carrito de la compra. Localiza el pedido ... Leer m\u00e1s\" \/>\n<meta property=\"og:url\" content=\"https:\/\/www.climamania.com\/blog\/anular-pedido\/\" \/>\n<meta property=\"og:site_name\" content=\"El blog de ClimaMania | Expertos en climatizaci\u00f3n\" \/>\n<meta property=\"article:publisher\" content=\"https:\/\/www.facebook.com\/Climamania\" \/>\n<meta property=\"article:modified_time\" content=\"2022-01-20T16:49:31+00:00\" \/>\n<meta property=\"og:image\" content=\"https:\/\/www.climamania.com\/blog\/wp-content\/uploads\/image-9.png\" \/>\n<meta name=\"twitter:card\" content=\"summary_large_image\" \/>\n<meta name=\"twitter:site\" content=\"@ClimaMania\" \/>\n<meta name=\"twitter:label1\" content=\"Tiempo de lectura\" \/>\n\t<meta name=\"twitter:data1\" content=\"1 minuto\" \/>\n<script type=\"application\/ld+json\" class=\"yoast-schema-graph\">{\"@context\":\"https:\/\/schema.org\",\"@graph\":[{\"@type\":\"WebPage\",\"@id\":\"https:\/\/www.climamania.com\/blog\/anular-pedido\/\",\"url\":\"https:\/\/www.climamania.com\/blog\/anular-pedido\/\",\"name\":\"\",\"isPartOf\":{\"@id\":\"https:\/\/www.climamania.com\/blog\/#website\"},\"primaryImageOfPage\":{\"@id\":\"https:\/\/www.climamania.com\/blog\/anular-pedido\/#primaryimage\"},\"image\":{\"@id\":\"https:\/\/www.climamania.com\/blog\/anular-pedido\/#primaryimage\"},\"thumbnailUrl\":\"https:\/\/www.climamania.com\/blog\/wp-content\/uploads\/image-9.png\",\"datePublished\":\"2022-01-18T16:30:04+00:00\",\"dateModified\":\"2022-01-20T16:49:31+00:00\",\"breadcrumb\":{\"@id\":\"https:\/\/www.climamania.com\/blog\/anular-pedido\/#breadcrumb\"},\"inLanguage\":\"es\",\"potentialAction\":[{\"@type\":\"ReadAction\",\"target\":[\"https:\/\/www.climamania.com\/blog\/anular-pedido\/\"]}]},{\"@type\":\"ImageObject\",\"inLanguage\":\"es\",\"@id\":\"https:\/\/www.climamania.com\/blog\/anular-pedido\/#primaryimage\",\"url\":\"https:\/\/www.climamania.com\/blog\/wp-content\/uploads\/image-9.png\",\"contentUrl\":\"https:\/\/www.climamania.com\/blog\/wp-content\/uploads\/image-9.png\",\"width\":24,\"height\":25},{\"@type\":\"BreadcrumbList\",\"@id\":\"https:\/\/www.climamania.com\/blog\/anular-pedido\/#breadcrumb\",\"itemListElement\":[{\"@type\":\"ListItem\",\"position\":1,\"name\":\"Portada\",\"item\":\"https:\/\/www.climamania.com\/blog\/\"},{\"@type\":\"ListItem\",\"position\":2,\"name\":\"Anular un pedido\"}]},{\"@type\":\"WebSite\",\"@id\":\"https:\/\/www.climamania.com\/blog\/#website\",\"url\":\"https:\/\/www.climamania.com\/blog\/\",\"name\":\"El blog de ClimaMania | Expertos en climatizaci\u00f3n\",\"description\":\"El blog de ClimaMania, mantenemos a todos nuestros usuarios siempre informados sobre las \u00faltimas novedades en aire acondicionado, calefacci\u00f3n y mucho m\u00e1s\",\"publisher\":{\"@id\":\"https:\/\/www.climamania.com\/blog\/#organization\"},\"potentialAction\":[{\"@type\":\"SearchAction\",\"target\":{\"@type\":\"EntryPoint\",\"urlTemplate\":\"https:\/\/www.climamania.com\/blog\/?s={search_term_string}\"},\"query-input\":{\"@type\":\"PropertyValueSpecification\",\"valueRequired\":true,\"valueName\":\"search_term_string\"}}],\"inLanguage\":\"es\"},{\"@type\":\"Organization\",\"@id\":\"https:\/\/www.climamania.com\/blog\/#organization\",\"name\":\"ClimaMania\",\"url\":\"https:\/\/www.climamania.com\/blog\/\",\"logo\":{\"@type\":\"ImageObject\",\"inLanguage\":\"es\",\"@id\":\"https:\/\/www.climamania.com\/blog\/#\/schema\/logo\/image\/\",\"url\":\"https:\/\/www.climamania.com\/blog\/wp-content\/uploads\/logo-blog-climamania.png\",\"contentUrl\":\"https:\/\/www.climamania.com\/blog\/wp-content\/uploads\/logo-blog-climamania.png\",\"width\":1000,\"height\":250,\"caption\":\"ClimaMania\"},\"image\":{\"@id\":\"https:\/\/www.climamania.com\/blog\/#\/schema\/logo\/image\/\"},\"sameAs\":[\"https:\/\/www.facebook.com\/Climamania\",\"https:\/\/x.com\/ClimaMania\",\"https:\/\/www.instagram.com\/climamania\/\"]}]}<\/script>\n<!-- \/ Yoast SEO plugin. -->","yoast_head_json":{"title":"El blog de ClimaMania | Expertos en climatizaci\u00f3n","robots":{"index":"index","follow":"follow","max-snippet":"max-snippet:-1","max-image-preview":"max-image-preview:large","max-video-preview":"max-video-preview:-1"},"canonical":"https:\/\/www.climamania.com\/blog\/anular-pedido\/","og_locale":"es_ES","og_type":"article","og_description":"Se puede anular un pedido en ClimaMania de la siguiente forma: Si a\u00fan no has hecho el pago&nbsp;de tu pedido, puedes anularlo directamente desde&nbsp;carrito de la compra. Localiza el pedido ... Leer m\u00e1s","og_url":"https:\/\/www.climamania.com\/blog\/anular-pedido\/","og_site_name":"El blog de ClimaMania | Expertos en climatizaci\u00f3n","article_publisher":"https:\/\/www.facebook.com\/Climamania","article_modified_time":"2022-01-20T16:49:31+00:00","og_image":[{"url":"https:\/\/www.climamania.com\/blog\/wp-content\/uploads\/image-9.png","type":"","width":"","height":""}],"twitter_card":"summary_large_image","twitter_site":"@ClimaMania","twitter_misc":{"Tiempo de lectura":"1 minuto"},"schema":{"@context":"https:\/\/schema.org","@graph":[{"@type":"WebPage","@id":"https:\/\/www.climamania.com\/blog\/anular-pedido\/","url":"https:\/\/www.climamania.com\/blog\/anular-pedido\/","name":"","isPartOf":{"@id":"https:\/\/www.climamania.com\/blog\/#website"},"primaryImageOfPage":{"@id":"https:\/\/www.climamania.com\/blog\/anular-pedido\/#primaryimage"},"image":{"@id":"https:\/\/www.climamania.com\/blog\/anular-pedido\/#primaryimage"},"thumbnailUrl":"https:\/\/www.climamania.com\/blog\/wp-content\/uploads\/image-9.png","datePublished":"2022-01-18T16:30:04+00:00","dateModified":"2022-01-20T16:49:31+00:00","breadcrumb":{"@id":"https:\/\/www.climamania.com\/blog\/anular-pedido\/#breadcrumb"},"inLanguage":"es","potentialAction":[{"@type":"ReadAction","target":["https:\/\/www.climamania.com\/blog\/anular-pedido\/"]}]},{"@type":"ImageObject","inLanguage":"es","@id":"https:\/\/www.climamania.com\/blog\/anular-pedido\/#primaryimage","url":"https:\/\/www.climamania.com\/blog\/wp-content\/uploads\/image-9.png","contentUrl":"https:\/\/www.climamania.com\/blog\/wp-content\/uploads\/image-9.png","width":24,"height":25},{"@type":"BreadcrumbList","@id":"https:\/\/www.climamania.com\/blog\/anular-pedido\/#breadcrumb","itemListElement":[{"@type":"ListItem","position":1,"name":"Portada","item":"https:\/\/www.climamania.com\/blog\/"},{"@type":"ListItem","position":2,"name":"Anular un pedido"}]},{"@type":"WebSite","@id":"https:\/\/www.climamania.com\/blog\/#website","url":"https:\/\/www.climamania.com\/blog\/","name":"El blog de ClimaMania | Expertos en climatizaci\u00f3n","description":"El blog de ClimaMania, mantenemos a todos nuestros usuarios siempre informados sobre las \u00faltimas novedades en aire acondicionado, calefacci\u00f3n y mucho m\u00e1s","publisher":{"@id":"https:\/\/www.climamania.com\/blog\/#organization"},"potentialAction":[{"@type":"SearchAction","target":{"@type":"EntryPoint","urlTemplate":"https:\/\/www.climamania.com\/blog\/?s={search_term_string}"},"query-input":{"@type":"PropertyValueSpecification","valueRequired":true,"valueName":"search_term_string"}}],"inLanguage":"es"},{"@type":"Organization","@id":"https:\/\/www.climamania.com\/blog\/#organization","name":"ClimaMania","url":"https:\/\/www.climamania.com\/blog\/","logo":{"@type":"ImageObject","inLanguage":"es","@id":"https:\/\/www.climamania.com\/blog\/#\/schema\/logo\/image\/","url":"https:\/\/www.climamania.com\/blog\/wp-content\/uploads\/logo-blog-climamania.png","contentUrl":"https:\/\/www.climamania.com\/blog\/wp-content\/uploads\/logo-blog-climamania.png","width":1000,"height":250,"caption":"ClimaMania"},"image":{"@id":"https:\/\/www.climamania.com\/blog\/#\/schema\/logo\/image\/"},"sameAs":["https:\/\/www.facebook.com\/Climamania","https:\/\/x.com\/ClimaMania","https:\/\/www.instagram.com\/climamania\/"]}]}},"_links":{"self":[{"href":"https:\/\/www.climamania.com\/blog\/wp-json\/wp\/v2\/pages\/2125","targetHints":{"allow":["GET"]}}],"collection":[{"href":"https:\/\/www.climamania.com\/blog\/wp-json\/wp\/v2\/pages"}],"about":[{"href":"https:\/\/www.climamania.com\/blog\/wp-json\/wp\/v2\/types\/page"}],"author":[{"embeddable":true,"href":"https:\/\/www.climamania.com\/blog\/wp-json\/wp\/v2\/users\/36"}],"replies":[{"embeddable":true,"href":"https:\/\/www.climamania.com\/blog\/wp-json\/wp\/v2\/comments?post=2125"}],"version-history":[{"count":5,"href":"https:\/\/www.climamania.com\/blog\/wp-json\/wp\/v2\/pages\/2125\/revisions"}],"predecessor-version":[{"id":2195,"href":"https:\/\/www.climamania.com\/blog\/wp-json\/wp\/v2\/pages\/2125\/revisions\/2195"}],"wp:attachment":[{"href":"https:\/\/www.climamania.com\/blog\/wp-json\/wp\/v2\/media?parent=2125"}],"curies":[{"name":"wp","href":"https:\/\/api.w.org\/{rel}","templated":true}]}}